{"id":23,"date":"2016-11-17T14:47:29","date_gmt":"2016-11-17T13:47:29","guid":{"rendered":"http:\/\/francine-emschwiller.fr\/?page_id=23"},"modified":"2026-02-05T09:44:09","modified_gmt":"2026-02-05T08:44:09","slug":"stress-au-travail-burnt-out","status":"publish","type":"page","link":"https:\/\/francine-emschwiller.fr\/index.php\/stress-au-travail-burnt-out\/","title":{"rendered":"Souffrance au travail, burn out"},"content":{"rendered":"<p>Le monde du travail est violent, concurrentiel, en perp\u00e9tuel changement. Comment s&rsquo;y construire un espace respirable, retrouver du plaisir \u00a0? En prenant un petit peu de distance. Plus facile \u00e0 dire \u00a0qu&rsquo;\u00e0 mettre en pratique<\/p>\n<p>Quel niveau d&rsquo;exigence avez vous vis \u00e0 vis de vous m\u00eame au travail ? Vous \u00eates en col\u00e8re ? Vous vous r\u00e9veillez \u00e9puis\u00e9 ? Ne serait-il pas dommage de ne pas essayer de comprendre ce qui se passe pour vous ?<\/p>\n<p><strong>Qu\u2019est-ce que le stress au travail<\/strong>\u00a0? Le stress au travail est un sentiment d\u2019impuissance, d\u2019insatisfaction face aux objectifs \u00e0 atteindre. Ces objectifs sont impos\u00e9s par l\u2019organisation ou par le salari\u00e9 lui-m\u00eame. Dans une situation donn\u00e9e, tous les salari\u00e9s n\u2019exp\u00e9rimentent pas le stress au travail. Ceux qui ressentent du stress au travail sont les personnes qui ont une exigence forte dans la qualit\u00e9 du travail fourni, exigence vis \u00e0 vis d\u2019eux-m\u00eames, exigence au regard des autres. Ceux qui subissent le stress au travail voudraient satisfaire leur patron, leurs clients, mais n\u2019y parviennent jamais. Ils se sentent responsables de performances insuffisantes \u00e0 leurs yeux et\/ou insuffisantes aux yeux de leur hi\u00e9rarchie.<\/p>\n<p><strong>Comment se mat\u00e9rialise le stress au travail ?<\/strong> Le stress au travail se manifeste de diff\u00e9rentes fa\u00e7ons selon chacun. Pour certains, il s\u2019exprimera dans le registre psychologique\u00a0: d\u00e9pression, irritabilit\u00e9, col\u00e8res intempestives. Pour d\u2019autres le stress au travail induit un mal-\u00eatre physique\u00a0: fatigue d\u00e8s le r\u00e9veil, difficult\u00e9s de sommeil, manque d\u2019app\u00e9tit, maux de t\u00eate, sueurs, maux d\u2019\u00e9paules, acc\u00e9l\u00e9ration cardiaque, chacun selon sa fragilit\u00e9. <strong>Le stress au travail met \u00e0 l\u2019\u00e9preuve le corps et l\u2019esprit<\/strong>.<br \/>\nPour g\u00e9rer son stress au travail, suffit-il \u00a0de d\u00e9cr\u00e9ter que, d\u00e9sormais, on va travailler moins, partir plus t\u00f4t ? Non, cela ne suffit pas.<\/p>\n<p>Changer de position par rapport \u00e0 son travail ne se fait pas en un jour. \u00a0Le stress au travail a souvent des causes dans l&rsquo;organisation du service ou de l&rsquo;entreprise. <strong>Aucun salari\u00e9 ne peut, seul, changer une organisation.<\/strong><br \/>\nVotre entreprise encourage t elle la coop\u00e9ration ou le chacun pour soi ?<\/p>\n<p>Quelle est la place du travail dans ma vie ? Que se passerait\u00a0:<br \/>\nsi je perdais mon travail,<br \/>\nsi je n&rsquo;\u00e9tais pas promu,<br \/>\nsi je ne me sens plus humili\u00e9 devant des coll\u00e8gues, des clients.<br \/>\nComment puis je \u00eatre fier du travail accompli ?<br \/>\nEn fonction de mes r\u00e9ponses, je trouve un nouveau positionnement, une solution.<\/p>\n<p>Christophe Dejours l&rsquo;\u00e9crit fort bien : \u00ab\u00a0Parler \u00e0 quelqu&rsquo;un qui \u00e9coute est et sera toujours le plus puissant moyen de catalyser la pens\u00e9e\u00a0\u00bb<\/p>\n<p>Mon engagement aupr\u00e8s des personnes en souffrance au travail est inscrit par l&rsquo;affiliation au r\u00e9seau <em><strong>Souffrance &amp; Travail<\/strong><\/em><\/p>\n<p><img loading=\"lazy\" decoding=\"async\" class=\"alignnone size-medium wp-image-513\" src=\"https:\/\/francine-emschwiller.fr\/wp-content\/uploads\/2026\/02\/Signature-Email-300x85.png\" alt=\"\" width=\"300\" height=\"85\" srcset=\"https:\/\/francine-emschwiller.fr\/wp-content\/uploads\/2026\/02\/Signature-Email-300x85.png 300w, https:\/\/francine-emschwiller.fr\/wp-content\/uploads\/2026\/02\/Signature-Email-730x210.png 730w, https:\/\/francine-emschwiller.fr\/wp-content\/uploads\/2026\/02\/Signature-Email.png 743w\" sizes=\"auto, (max-width: 300px) 100vw, 300px\" \/><\/p>\n<p>&nbsp;<\/p>\n","protected":false},"excerpt":{"rendered":"<p>Le monde du travail est violent, concurrentiel, en perp\u00e9tuel changement. Comment s&rsquo;y construire un espace respirable, retrouver du plaisir \u00a0? En prenant un petit peu de distance. Plus facile \u00e0 dire \u00a0qu&rsquo;\u00e0 mettre en pratique Quel niveau d&rsquo;exigence avez vous vis \u00e0 vis de vous m\u00eame au travail ? Vous \u00eates en col\u00e8re ? Vous <a class=\"more-link\" href=\"https:\/\/francine-emschwiller.fr\/index.php\/stress-au-travail-burnt-out\/\">la suite&#8230; <i class=\"fa fa-chevron-right\"><\/i><\/a><\/p>\n","protected":false},"author":1,"featured_media":0,"parent":0,"menu_order":0,"comment_status":"closed","ping_status":"closed","template":"","meta":{"iawp_total_views":11,"footnotes":""},"class_list":["post-23","page","type-page","status-publish","hentry"],"_links":{"self":[{"href":"https:\/\/francine-emschwiller.fr\/index.php\/wp-json\/wp\/v2\/pages\/23","targetHints":{"allow":["GET"]}}],"collection":[{"href":"https:\/\/francine-emschwiller.fr\/index.php\/wp-json\/wp\/v2\/pages"}],"about":[{"href":"https:\/\/francine-emschwiller.fr\/index.php\/wp-json\/wp\/v2\/types\/page"}],"author":[{"embeddable":true,"href":"https:\/\/francine-emschwiller.fr\/index.php\/wp-json\/wp\/v2\/users\/1"}],"replies":[{"embeddable":true,"href":"https:\/\/francine-emschwiller.fr\/index.php\/wp-json\/wp\/v2\/comments?post=23"}],"version-history":[{"count":36,"href":"https:\/\/francine-emschwiller.fr\/index.php\/wp-json\/wp\/v2\/pages\/23\/revisions"}],"predecessor-version":[{"id":518,"href":"https:\/\/francine-emschwiller.fr\/index.php\/wp-json\/wp\/v2\/pages\/23\/revisions\/518"}],"wp:attachment":[{"href":"https:\/\/francine-emschwiller.fr\/index.php\/wp-json\/wp\/v2\/media?parent=23"}],"curies":[{"name":"wp","href":"https:\/\/api.w.org\/{rel}","templated":true}]}}

<p>Le monde du travail est violent, concurrentiel, en perpétuel changement. Comment s&rsquo;y construire un espace respirable, retrouver du plaisir  ? En prenant un petit peu de distance. Plus facile à dire  qu&rsquo;à mettre en pratique</p>
<p>Quel niveau d&rsquo;exigence avez vous vis à vis de vous même au travail ? Vous êtes en colère ? Vous vous réveillez épuisé ? Ne serait-il pas dommage de ne pas essayer de comprendre ce qui se passe pour vous ?</p>
<p><strong>Qu’est-ce que le stress au travail</strong> ? Le stress au travail est un sentiment d’impuissance, d’insatisfaction face aux objectifs à atteindre. Ces objectifs sont imposés par l’organisation ou par le salarié lui-même. Dans une situation donnée, tous les salariés n’expérimentent pas le stress au travail. Ceux qui ressentent du stress au travail sont les personnes qui ont une exigence forte dans la qualité du travail fourni, exigence vis à vis d’eux-mêmes, exigence au regard des autres. Ceux qui subissent le stress au travail voudraient satisfaire leur patron, leurs clients, mais n’y parviennent jamais. Ils se sentent responsables de performances insuffisantes à leurs yeux et/ou insuffisantes aux yeux de leur hiérarchie.</p>
<p><strong>Comment se matérialise le stress au travail ?</strong> Le stress au travail se manifeste de différentes façons selon chacun. Pour certains, il s’exprimera dans le registre psychologique : dépression, irritabilité, colères intempestives. Pour d’autres le stress au travail induit un mal-être physique : fatigue dès le réveil, difficultés de sommeil, manque d’appétit, maux de tête, sueurs, maux d’épaules, accélération cardiaque, chacun selon sa fragilité. <strong>Le stress au travail met à l’épreuve le corps et l’esprit</strong>.<br />
Pour gérer son stress au travail, suffit-il  de décréter que, désormais, on va travailler moins, partir plus tôt ? Non, cela ne suffit pas.</p>
<p>Changer de position par rapport à son travail ne se fait pas en un jour.  Le stress au travail a souvent des causes dans l&rsquo;organisation du service ou de l&rsquo;entreprise. <strong>Aucun salarié ne peut, seul, changer une organisation.</strong><br />
Votre entreprise encourage t elle la coopération ou le chacun pour soi ?</p>
<p>Quelle est la place du travail dans ma vie ? Que se passerait :<br />
si je perdais mon travail,<br />
si je n&rsquo;étais pas promu,<br />
si je ne me sens plus humilié devant des collègues, des clients.<br />
Comment puis je être fier du travail accompli ?<br />
En fonction de mes réponses, je trouve un nouveau positionnement, une solution.</p>
<p>Christophe Dejours l&rsquo;écrit fort bien : « Parler à quelqu&rsquo;un qui écoute est et sera toujours le plus puissant moyen de catalyser la pensée »</p>
<p>Mon engagement auprès des personnes en souffrance au travail est inscrit par l&rsquo;affiliation au réseau <em><strong>Souffrance &amp; Travail</strong></em></p>
<p><img loading="lazy" decoding="async" class="alignnone size-medium wp-image-513" src="https://francine-emschwiller.fr/wp-content/uploads/2026/02/Signature-Email-300x85.png" alt="" width="300" height="85" srcset="https://francine-emschwiller.fr/wp-content/uploads/2026/02/Signature-Email-300x85.png 300w, https://francine-emschwiller.fr/wp-content/uploads/2026/02/Signature-Email-730x210.png 730w, https://francine-emschwiller.fr/wp-content/uploads/2026/02/Signature-Email.png 743w" sizes="auto, (max-width: 300px) 100vw, 300px" /></p>
<p>&nbsp;</p>

<p>Le monde du travail est violent, concurrentiel, en perpétuel changement. Comment s&rsquo;y construire un espace respirable, retrouver du plaisir  ? En prenant un petit peu de distance. Plus facile à dire  qu&rsquo;à mettre en pratique Quel niveau d&rsquo;exigence avez vous vis à vis de vous même au travail ? Vous êtes en colère ? Vous <a class="more-link" href="https://francine-emschwiller.fr/index.php/stress-au-travail-burnt-out/">la suite&#8230; <i class="fa fa-chevron-right"></i></a></p>
