{"id":2,"date":"2016-11-11T19:03:01","date_gmt":"2016-11-11T18:03:01","guid":{"rendered":"http:\/\/francine-emschwiller.fr\/?page_id=2"},"modified":"2026-02-08T21:32:59","modified_gmt":"2026-02-08T20:32:59","slug":"accueil","status":"publish","type":"page","link":"https:\/\/francine-emschwiller.fr\/","title":{"rendered":"Accueil"},"content":{"rendered":"<p>Consultations psychoth\u00e9rapeutiques \u00a0\u00e0 Paris 12 \u00e8me, <strong>entre Bastille et Gare de Lyon.<\/strong><\/p>\n<p>Pour prendre rendez-vous :<br \/>\npar t\u00e9l\u00e9phone : <strong>07 81 69 14 70<\/strong><br \/>\npar courriel : fe@coquelicot-psychologie-travail.fr<\/p>\n<p>Chaque vie est singuli\u00e8re. Chaque moment de vie est singulier : temps de la rencontre, temps de s\u00e9paration, moments de joie, p\u00e9riodes de tensions, de chagrin, de deuil.<br \/>\nComment accueillir l&rsquo;impr\u00e9vu ? Comment se sentir moins seul ?<\/p>\n<p>Pourquoi consulter une psychologue ?<\/p>\n<p style=\"font-weight: 400;\">On consulte un.e psychologue parce qu\u2019il est parfois tr\u00e8s difficile de prendre certaines d\u00e9cisions, compliqu\u00e9 de sortir d\u2019une impasse d\u2019un conflit. En parler avec un tiers qui vous \u00e9coute sans jugement, cela permet de voir plus clair en soi.<\/p>\n<p style=\"font-weight: 400;\">Les proches, les tr\u00e8s proches ne sont pas toujours disponibles. Au travail, comme \u00e0 la maison, l\u2019entourage est parfois juge et partie, et\/ou ne souhaite pas se prononcer. Un regard ext\u00e9rieur permet d\u2019envisager de nouvelles perspectives.<\/p>\n<p style=\"font-weight: 400;\">Un.e psychologue est un.e professionnel.le form\u00e9.e \u00e0 l\u2019\u00e9coute de de l\u2019autre. Il \/ elle respecte la personne qui vient , dans toutes ces dimensions. Elle \/ il vous aide \u00e0 mieux comprendre vos besoins.<\/p>\n<p style=\"font-weight: 400;\">Changer l\u2019autre directement, ce n\u2019est pas possible. Mais si vous modifiez un petit quelque chose de votre comportement, peut-\u00eatre que l\u2019autre : coll\u00e8gue, patron, conjoint, le remarquera, et sera en mesure de r\u00e9pondre \u00e0 vos besoins de mani\u00e8re plus adapt\u00e9e.<\/p>\n<p>Ma pratique s&rsquo;appuie sur des bases th\u00e9oriques valid\u00e9es par des Dipl\u00f4mes d&rsquo;Etat :<\/p>\n<ul>\n<li>Psychologue clinicienne,<img loading=\"lazy\" decoding=\"async\" class=\"attachment-266x266 size-266x266 alignright\" src=\"https:\/\/francine-emschwiller.fr\/wp-content\/uploads\/2016\/11\/Photo-FE.jpg\" alt=\"photo-fe\" width=\"146\" height=\"191\" \/> Dipl\u00f4me d&rsquo;Etat (Paris 7 Diderot) reconnu par l&rsquo;inscription \u00e0 l&rsquo;Agence R\u00e9gionale de Sant\u00e9 (ARS) comme Psychologue et Psychoth\u00e9rapeute.<\/li>\n<\/ul>\n<ul>\n<li>Dipl\u00f4me Universitaire (Paris 7 Diderot) de th\u00e9rapie familiale et groupale,<\/li>\n<li>ESSEC.<\/li>\n<\/ul>\n<p><strong>Pratique professionnelle<\/strong> :<\/p>\n<p>Mon \u00e9coute s&rsquo;est enrichie de l&rsquo;\u00e9coute de mes patients, en lib\u00e9ral et en institution :<\/p>\n<ul>\n<li>au CECCOF (Centre d&rsquo;Etudes Cliniques et d&rsquo;Orientation Familiale) : th\u00e9rapeute familiale et visites m\u00e9diatis\u00e9es,<\/li>\n<li>dans l&rsquo;agglom\u00e9ration de Melun comme psychologue aupr\u00e8s des Familles et des migrants ; comme directrice de l&rsquo;<a href=\"http:\/\/www.coquelicot-consultations.fr\">association Coquelicot Consultations<\/a>,<\/li>\n<li>en cr\u00e8che, dans des Maisons de la Petite Enfance, dans le D\u00e9partement de Seine-Saint-Denis,<\/li>\n<li>Accueil en lib\u00e9ral \u00e0 Paris 12 \u00e8me, entre Bastille et Gare de Lyon.Pour prendre rendez-vous :<br \/>\npar t\u00e9l\u00e9phone : <strong>07 81 69 14 70<\/strong><br \/>\npar courriel : fe@coquelicot-psychologie-travail.frPour la dur\u00e9e des s\u00e9ances, pr\u00e9voir :<\/li>\n<li>s\u00e9ance individuelle : 45 minutes,<\/li>\n<li>s\u00e9ance de couple : 60 minutes,<\/li>\n<li>s\u00e9ance en famille : 60 \u00e0 90 minutes.<\/li>\n<li>M\u00e9tros \u00e0 proximit\u00e9 : Ledru Rollin, Bastille et Gare de Lyon.<\/li>\n<\/ul>\n","protected":false},"excerpt":{"rendered":"<p>Consultations psychoth\u00e9rapeutiques \u00a0\u00e0 Paris 12 \u00e8me, entre Bastille et Gare de Lyon. Pour prendre rendez-vous : par t\u00e9l\u00e9phone : 07 81 69 14 70 par courriel : fe@coquelicot-psychologie-travail.fr Chaque vie est singuli\u00e8re. Chaque moment de vie est singulier : temps de la rencontre, temps de s\u00e9paration, moments de joie, p\u00e9riodes de tensions, de chagrin, de <a class=\"more-link\" href=\"https:\/\/francine-emschwiller.fr\/\">la suite&#8230; <i class=\"fa fa-chevron-right\"><\/i><\/a><\/p>\n","protected":false},"author":1,"featured_media":5,"parent":0,"menu_order":0,"comment_status":"closed","ping_status":"open","template":"","meta":{"iawp_total_views":41,"footnotes":""},"class_list":["post-2","page","type-page","status-publish","has-post-thumbnail","hentry"],"_links":{"self":[{"href":"https:\/\/francine-emschwiller.fr\/index.php\/wp-json\/wp\/v2\/pages\/2","targetHints":{"allow":["GET"]}}],"collection":[{"href":"https:\/\/francine-emschwiller.fr\/index.php\/wp-json\/wp\/v2\/pages"}],"about":[{"href":"https:\/\/francine-emschwiller.fr\/index.php\/wp-json\/wp\/v2\/types\/page"}],"author":[{"embeddable":true,"href":"https:\/\/francine-emschwiller.fr\/index.php\/wp-json\/wp\/v2\/users\/1"}],"replies":[{"embeddable":true,"href":"https:\/\/francine-emschwiller.fr\/index.php\/wp-json\/wp\/v2\/comments?post=2"}],"version-history":[{"count":117,"href":"https:\/\/francine-emschwiller.fr\/index.php\/wp-json\/wp\/v2\/pages\/2\/revisions"}],"predecessor-version":[{"id":530,"href":"https:\/\/francine-emschwiller.fr\/index.php\/wp-json\/wp\/v2\/pages\/2\/revisions\/530"}],"wp:featuredmedia":[{"embeddable":true,"href":"https:\/\/francine-emschwiller.fr\/index.php\/wp-json\/wp\/v2\/media\/5"}],"wp:attachment":[{"href":"https:\/\/francine-emschwiller.fr\/index.php\/wp-json\/wp\/v2\/media?parent=2"}],"curies":[{"name":"wp","href":"https:\/\/api.w.org\/{rel}","templated":true}]}}