{"id":14,"date":"2016-11-14T21:50:16","date_gmt":"2016-11-14T20:50:16","guid":{"rendered":"http:\/\/francine-emschwiller.fr\/?page_id=14"},"modified":"2026-02-08T07:52:13","modified_gmt":"2026-02-08T06:52:13","slug":"therapie-individuelle","status":"publish","type":"page","link":"https:\/\/francine-emschwiller.fr\/index.php\/therapie-individuelle\/","title":{"rendered":"Th\u00e9rapie individuelle"},"content":{"rendered":"<p>Je ne suis pas malade, pourquoi consulter un psychologue ?<\/p>\n<p>C&rsquo;est parce que vous n&rsquo;\u00eates pas malade que vous pouvez rencontrer un <a href=\"https:\/\/francine-emschwiller.fr\/index.php\/definitions\/\">psychologue<\/a>.<\/p>\n<p>Consulter un psychologue, c&rsquo;est reconna\u00eetre que l&rsquo;on peut changer quelque chose \u00e0 sa vie, qu&rsquo;on en est acteur.<\/p>\n<p>On peut consulter :<\/p>\n<ul>\n<li>parce qu&rsquo;une s\u00e9paration ou un deuil \u00e7a fait mal et qu&rsquo;aucun m\u00e9dicament ne soigne ni la s\u00e9paration ni le deuil,<\/li>\n<li>parce qu&rsquo;on n&rsquo;est pas en couple et qu&rsquo;on souhaiterait l&rsquo;\u00eatre,<\/li>\n<li>parce qu&rsquo;on est en couple mais que c&rsquo;est compliqu\u00e9,<\/li>\n<li>parce qu&rsquo;on est fatigu\u00e9, angoiss\u00e9 et qu&rsquo;on aimerait comprendre pourquoi.<\/li>\n<li><strong>D\u00c9PRESSION<\/strong><br \/>\nSuis je d\u00e9prim\u00e9 ?<br \/>\nQuels sont les sympt\u00f4mes de la d\u00e9pression ?<br \/>\nUn comportement d\u00e9pressif a des effets sur l&rsquo;humeur (col\u00e8re, abattement), parfois le sommeil, sur l&rsquo;\u00e9nergie, sur le plaisir.<br \/>\nUn \u00e9l\u00e9ment ext\u00e9rieur (deuil, s\u00e9paration licenciement) peut provoquer une p\u00e9riode d\u00e9pressive. Ce n&rsquo;est pas alarmant.<\/li>\n<\/ul>\n<p><strong>ANGOISSE, INSOMNIE<\/strong><\/p>\n<p>On peut avoir peur avant un entretien d&#8217;embauche, ou une course en montagne. On peut avoir peur de quelqu&rsquo;un qui vous impressionne : un sup\u00e9rieur hi\u00e9rarchique, un p\u00e8re, une m\u00e8re &#8230;. voire un conjoint.<\/p>\n<p>L&rsquo;angoisse est un ressenti diff\u00e9rent. L&rsquo;angoisse vous prend le corps. L&rsquo;angoisse interroge car, pr\u00e9cis\u00e9ment, l&rsquo;angoisse est inexplicable. \u00a0Un conflit au travail ou en couple peut raviver ou d\u00e9clencher une angoisse. L&rsquo;angoisse est une compagne souvent ancienne dont les racines sont diff\u00e9rentes pour chacun. Le psychologue vous accompagne dans la qu\u00eate des sources de votre angoisse.<\/p>\n<p><strong>S\u00c9PARATION, DEUIL<\/strong><\/p>\n<p>Se s\u00e9parer d&rsquo;un conjoint, d&rsquo;un ami, accompagner un malade en fin de vie, perdre un proche, c&rsquo;est un drame, un trauma personnel.<br \/>\nUn deuil peut raviver une douleur plus ancienne. Ce peut \u00eatre alors un moment d&rsquo;investigation favorable sur ses liens fondamentaux, sur son histoire familiale.<br \/>\n\u00ab\u00a0Faire son deuil\u00a0\u00bb prend du temps, un certain temps, propre \u00e0 chacun. Ce temps-l\u00e0, v\u00e9cu seul, peut \u00eatre particuli\u00e8rement douloureux. Un soutien peut se trouver aupr\u00e8s des proches. Mais parfois, on ne peut, on ne veut pas accabler ses proches par son propre chagrin. Un psychologue peut accompagner cette p\u00e9riode d&rsquo;abandon puis de reconstruction.<\/p>\n<p>&nbsp;<\/p>\n","protected":false},"excerpt":{"rendered":"<p>Je ne suis pas malade, pourquoi consulter un psychologue ? C&rsquo;est parce que vous n&rsquo;\u00eates pas malade que vous pouvez rencontrer un psychologue. Consulter un psychologue, c&rsquo;est reconna\u00eetre que l&rsquo;on peut changer quelque chose \u00e0 sa vie, qu&rsquo;on en est acteur. On peut consulter : parce qu&rsquo;une s\u00e9paration ou un deuil \u00e7a fait mal et <a class=\"more-link\" href=\"https:\/\/francine-emschwiller.fr\/index.php\/therapie-individuelle\/\">la suite&#8230; <i class=\"fa fa-chevron-right\"><\/i><\/a><\/p>\n","protected":false},"author":1,"featured_media":0,"parent":0,"menu_order":0,"comment_status":"closed","ping_status":"closed","template":"","meta":{"iawp_total_views":7,"footnotes":""},"class_list":["post-14","page","type-page","status-publish","hentry"],"_links":{"self":[{"href":"https:\/\/francine-emschwiller.fr\/index.php\/wp-json\/wp\/v2\/pages\/14","targetHints":{"allow":["GET"]}}],"collection":[{"href":"https:\/\/francine-emschwiller.fr\/index.php\/wp-json\/wp\/v2\/pages"}],"about":[{"href":"https:\/\/francine-emschwiller.fr\/index.php\/wp-json\/wp\/v2\/types\/page"}],"author":[{"embeddable":true,"href":"https:\/\/francine-emschwiller.fr\/index.php\/wp-json\/wp\/v2\/users\/1"}],"replies":[{"embeddable":true,"href":"https:\/\/francine-emschwiller.fr\/index.php\/wp-json\/wp\/v2\/comments?post=14"}],"version-history":[{"count":36,"href":"https:\/\/francine-emschwiller.fr\/index.php\/wp-json\/wp\/v2\/pages\/14\/revisions"}],"predecessor-version":[{"id":523,"href":"https:\/\/francine-emschwiller.fr\/index.php\/wp-json\/wp\/v2\/pages\/14\/revisions\/523"}],"wp:attachment":[{"href":"https:\/\/francine-emschwiller.fr\/index.php\/wp-json\/wp\/v2\/media?parent=14"}],"curies":[{"name":"wp","href":"https:\/\/api.w.org\/{rel}","templated":true}]}}